*x + 1326. Calculate the remainder when 438 is divided by x.
30
Let y(h) = 15*h**3 - h**2 + h. What is the remainder when 1137 is divided by y(1)?
12
Let q(z) = 3*z**2 + 14*z + 118. Let f(c) = 4*c**2 + 20*c + 177. Let k(m) = -5*f(m) + 7*q(m). Calculate the remainder when k(-10) is divided by 19.
4
Let u be (255/45)/((-4)/744). Let r(h) = 10*h**2 + h. Calculate the remainder when r(2) is divided by 124/u - (-2 + (-342)/17).
20
Suppose 4*p - 1148 = 4*i, -i = 9*p - 7*p - 577. What is the remainder when 592 is divided by p?
16
Suppose -2*l = -24*v + 27*v - 241, -v = 3*l - 85. What is the remainder when 260 is divided by v?
23
What is the remainder when 2041 is divided by 154/770 - 379/(-5)?
65
Let g = 18 + -15. Let z be g/(-4) - 1617/(-44). Suppose -z = -3*u + 21. Calculate the remainder when 168 is divided by u.
16
Let y = -281 + 61. Let c = y - -414. What is the remainder when c is divided by 39?
38
Let b = -4 + 27. Let r = 387753 - 387699. What is the remainder when r is divided by b?
8
Let k = 182 + 78. Suppose -k - 1540 = -18*j. What is the remainder when j is divided by 30?
10
Let m(w) = w + 4. Let c = 115549 - 115538. What is the remainder when c is divided by m(0)?
3
Let q(x) = 2*x**3 - 76*x**2 + 384*x + 12. Calculate the remainder when 4520 is divided by q(6).
8
Let j(x) = -x - 32. Let w be j(-26). Let y(z) = -12*z - 21. What is the remainder when y(w) is divided by -36*((-1)/2 - 0)?
15
Let z = -47126 + 69748. What is the remainder when z is divided by 14?
12
Let x = -2518 + 2627. What is the remainder when 490 is divided by x?
54
Let a = 8836 - 8639. Calculate the remainder when a is divided by 50.
47
Let z(b) = 2*b**2 + 28*b + 1538. What is the remainder when z(0) is divided by 1505?
33
Suppose -134*q + 60537 + 132588 = -9*q. What is the remainder when q is divided by 12?
9
Let a(i) = i**2 - 11*i + 19. Suppose 10*h = 5*h + 85. Let u(v) = 9*v**2 - v + 3. Calculate the remainder when a(h) is divided by u(-2).
39
Suppose -10*h - 919 = -1109. Let j = 77 + -43. Calculate the remainder when j is divided by h.
15
Let s(p) = -p**3 + 25*p**2 - 2*p - 21. Let j be s(25). Let w = j - -87. What is the remainder when 1*(2 + 2 + 90) is divided by w?
14
Let v(j) = -j**2 + 16. Let r be v(4). Suppose 0 = -3*x - 4*l + 99, 0*x + 4*l - 70 = -2*x. What is the remainder when x is divided by -5 - (-21 + 1) - r/(-2)?
14
Calculate the remainder when 43 is divided by ((-294)/133)/((-44)/418).
1
Let m(r) = 7*r**2 + 4*r - 2. Let w be m(-2). Let s be -20 + w + (41 - -1). Let t = 45 - s. Calculate the remainder when t is divided by 1.
0
Let i = 387 - 377. What is the remainder when 236 is divided by i/20*124/(-2 - -3)?
50
Let l(d) = -d**2 + 10*d - 5. Let t be l(9). Suppose 0 = 2*z + 5*u - 130, z + 2*u - 74 = t*u. What is the remainder when z is divided by 15?
10
Let w(a) be the third derivative of -a**4/12 + 10*a**3/3 + 23*a**2. What is the remainder when 63 is divided by w(-6)?
31
Suppose -5*y + 43 = 4*h, -4*h + 6*h + 2*y = 20. Suppose -h*x = -17*x + 70. Calculate the remainder when 116 is divided by x.
4
Suppose -47 = -z - 20. Let r(j) = 2*j**3 + 5*j**2 - j. Let w be r(-3). Calculate the remainder when z is divided by (-39)/w + ((-7)/2)/(-7).
6
Let b(k) = 30*k**2 - 5*k - 4. Let a be b(-1). Suppose f - 54 - 11 = 0. Let n = f - a. Calculate the remainder when n is divided by 13.
8
Let q = 522 + -514. What is the remainder when 5*q/(-140) + (-6237)/(-49) is divided by 13?
10
Let z(v) = v + 12428. What is the remainder when z(41) is divided by 154?
149
Let t be (4/(-3))/((-22)/726). Suppose -u = -5*u + t. Calculate the remainder when 63 is divided by u.
8
Let j(p) = p**3 - 5*p**2 - 15*p + 9. Let n be 14/1 - (-126)/(-21). Calculate the remainder when j(n) is divided by 31.
19
Let z = 5725 - 5593. Calculate the remainder when 5276 is divided by z.
128
Let g = -1508 - -1658. What is the remainder when g is divided by 19?
17
Let d = 39760 - 37580. Calculate the remainder when d is divided by 91.
87
Suppose -4*m = 6*i - 10*i + 168, 102 = 3*i + 5*m. What is the remainder when 193 is divided by i?
37
Suppose -2*b + 257 = -5*q - 86, 4*b = q + 623. Calculate the remainder when b is divided by 21.
7
Suppose 5*c + 345 = 5*j, j = -c + 10 + 57. Suppose 335 = n - 3*o, 0 = 48*n - 47*n + 2*o - 340. What is the remainder when n is divided by j?
66
Let i(b) = -142*b - 25. Let n be i(-4). Suppose -562 = -5*s + n. Calculate the remainder when s is divided by 45.
41
Calculate the remainder when 37 - 3/18*-15*-2 is divided by (-3 - -3) + 20 + -1.
13
What is the remainder when 810 is divided by -18*(-8 + 40/(-30)) + -5?
158
Let a(u) = -9*u + 77. Let n be a(8). Suppose 6525 = n*t + 20*t. What is the remainder when t is divided by 66?
63
Let w = 201 - 198. Suppose 14 + 37 = w*z. Suppose -5*u - 39 = -8*u. What is the remainder when z is divided by u?
4
Let k(p) = 2*p + 4. Let w = -12184 + 12235. Calculate the remainder when w is divided by k(5).
9
Suppose -9*n + 91 = -2*n. Suppose 21*y - n*y - 1480 = 0. What is the remainder when y is divided by 32?
25
Let v(j) = -5*j + 50. Let m be v(9). Suppose -m*k + c + 363 = 0, 357 = 5*k + 8*c - 7*c. What is the remainder when k is divided by 5?
2
Let b be (48/(-15))/(1/(-275)). Let s = b - 874. Calculate the remainder when -10*(-2)/(-4)*-3 is divided by s.
3
Let u(o) = -o**2 - 25*o - 25. Let b be u(-11). Let w = 121 + b. Calculate the remainder when w is divided by 23.
20
Suppose 9*b - o - 2089 = 5*b, -b = 3*o - 532. Let s = b + -510. Let u = 14 + 42. What is the remainder when u is divided by s?
4
Let p = -1305 + 1943. Let b(s) = -s**2 + 28*s + 37. What is the remainder when p is divided by b(27)?
62
Let j = -23137 + 23148. Let n(l) = l. Calculate the remainder when j is divided by n(5).
1
Let d(k) = -14*k - 337. Suppose 0 = 4*i - 996 + 180. What is the remainder when i is divided by d(-27)?
40
Let w be 400/8 - 3/((-3)/(-3)). Let d = w + 29. Calculate the remainder when 378 is divided by d.
74
Let h = 34 - 36. Let f be ((-4)/h)/((-7)/105). Let r = -23 - f. Calculate the remainder when 10 is divided by r.
3
Suppose 0 = -6*g - 73 + 661. Calculate the remainder when 178 is divided by g.
80
Let t = 677 - 657. Let h be ((-18)/(-27))/(1/(-36)). Let d = h - -35. What is the remainder when t is divided by d?
9
Suppose 80 = 5*a - 2*a - 2*y, -5*y - 83 = -3*a. Suppose -5*p = 5*b - a - 9, p + 1 = b. Calculate the remainder when (-5 - -2)/(5/(50/(-6))) is divided by p.
2
Suppose -5*n + 1955 = 5*j, 2*j + 1588 = 31*n - 27*n. What is the remainder when n is divided by 97?
7
Suppose -4*t + 595 = 3*t. Let d(w) = 5*w - 7. Let m be d(1). What is the remainder when t is divided by (-4*(-348)/48)/((-2)/m)?
27
Suppose 263 = -1993*y + 1995*y - 5*g, 0 = 2*y - 3*g - 257. Suppose 3*t = -2*t + 280. Calculate the remainder when y is divided by t.
12
Suppose o - 40 = -4*a, -3*o + 167 - 37 = 2*a. Suppose 0 = -2*y - 4*w + 5 + 11, 5*w = 2*y + 2. Calculate the remainder when o is divided by 8 + -4 + 1 + y.
8
Let m(d) = d**2 - 12*d + 1283. Calculate the remainder when m(43) is divided by 119.
117
Let x(n) = -n**3 - 6*n**2 + 11*n + 15. Let p = -10 - -8. Let b be 1/(p/(-3) - 1) - 5. What is the remainder when 162 is divided by x(b)?
52
Let n(m) = 13*m**2 - 2*m + 14. Let k(h) = h + 6. Let j be k(0). Suppose 0 = -j*r + 4*r + 8. What is the remainder when n(r) is divided by 43?
42
Let g = -6204 - -6231. Calculate the remainder when 124 is divided by g.
16
Let s(f) = 15*f - 417. What is the remainder when 184 is divided by s(29)?
4
Let c(g) = 39*g - 468. What is the remainder when 3546 is divided by c(13)?
36
Let g(v) = v + 11. Calculate the remainder when 65 is divided by g(19).
5
Let v(u) = -2*u**3 - 20*u**2 - 4*u - 36. Let j be v(-10). Suppose -4*l + 112 = 4*s - 120, -252 = -j*l + s. Calculate the remainder when 431 is divided by l.
59
Suppose -9*t = -17 - 82. Let y = -80 + 57. Let j = 40 + y. Calculate the remainder when j is divided by t.
6
Let t = -4645 - -5492. Calculate the remainder when t is divided by 68.
31
Suppose -9*d + 16*d + 104 = 8*d. Calculate the remainder when 723 is divided by d.
99
Let f = -101 + 106. Suppose 0*v + 5*i + 381 = 2*v, 5*v - f*i - 960 = 0. Calculate the remainder when v is divided by 50.
43
Let p be (4/4 - -61) + 5. Let b = 67 - p. What is the remainder w